r?
False
Is 91534669 prime?
True
Is 44960747 a prime number?
False
Is 1072202437 prime?
True
Is 12179971 prime?
False
Is 2028264077 a prime number?
False
Is 4640191 composite?
True
Is 4800755 a composite number?
True
Is 2180621 composite?
True
Is 88581469 a prime number?
True
Is 18130253 composite?
False
Is 18786017 a composite number?
False
Is 84151163 composite?
True
Is 220127 prime?
False
Is 10205493 composite?
True
Is 51184741 a composite number?
True
Is 4370881 a composite number?
True
Is 2632631 composite?
True
Is 891677 a prime number?
True
Is 4717717 a prime number?
True
Is 7252151 a composite number?
False
Is 11702573 composite?
True
Is 8675087 composite?
True
Is 19487411 a composite number?
True
Is 67376003 prime?
True
Is 852657919 a prime number?
False
Is 3618187 composite?
False
Is 9184007 a prime number?
False
Is 984631 composite?
True
Is 7284595 a composite number?
True
Is 6391793 composite?
True
Is 19545353 a prime number?
True
Is 160996265 a prime number?
False
Is 1048309 composite?
False
Is 850649 composite?
True
Is 400036057 a composite number?
True
Is 1945117 a composite number?
True
Is 15766453 composite?
False
Is 3304123 prime?
True
Is 2124649 a prime number?
False
Is 1258483 a prime number?
True
Is 107151853 a prime number?
False
Is 122956519 a prime number?
False
Is 772059329 prime?
True
Is 96851197 a composite number?
True
Is 386933 prime?
False
Is 3777377 composite?
False
Is 9992933 a prime number?
True
Is 66015221 prime?
False
Is 105895271 prime?
False
Is 523492647 a composite number?
True
Is 250953077 prime?
False
Is 238946549 a prime number?
False
Is 236816897 a composite number?
False
Is 237944873 a composite number?
False
Is 282592663 composite?
True
Is 404395139 a composite number?
False
Is 301877123 composite?
False
Is 49848473 prime?
True
Is 2081 a prime number?
True
Is 64803139 a prime number?
False
Is 45687977 composite?
False
Is 34516369 a prime number?
False
Is 42292207 prime?
False
Is 12922031 a composite number?
False
Is 1709821 composite?
True
Is 29126431 a composite number?
True
Is 439809217 composite?
False
Is 9392989 a prime number?
True
Is 502777 a prime number?
False
Is 751579 composite?
False
Is 41630219 a composite number?
True
Is 11146087 a composite number?
True
Is 601187 a composite number?
False
Is 48776359 composite?
False
Is 4073423 a composite number?
False
Is 163202477 composite?
True
Is 4190119 prime?
True
Is 334121981 prime?
False
Is 275021 composite?
True
Is 15076777 a prime number?
False
Is 13252039 prime?
True
Is 1844537 a composite number?
False
Is 10221283 a prime number?
True
Is 15688443 a composite number?
True
Is 45225821 prime?
False
Is 72183653 composite?
False
Is 3704941 a composite number?
False
Is 7756559 a prime number?
True
Is 557147 a prime number?
False
Is 3670757 a prime number?
True
Is 58243573 a prime number?
True
Is 71043133 a composite number?
True
Is 1436711 a prime number?
True
Is 871229 composite?
False
Is 13702057 a prime number?
True
Is 74946839 a prime number?
False
Is 14452489 a composite number?
False
Is 1017749 a composite number?
False
Is 5449519 composite?
True
Is 7454243 composite?
False
Is 145490489 prime?
True
Is 6235513 a composite number?
False
Is 11398403 prime?
True
Is 7374539 composite?
False
Is 909481 a composite number?
False
Is 13904203 a composite number?
True
Is 58381633 prime?
False
Is 7774811 a prime number?
False
Is 22240599 a prime number?
False
Is 6173603 composite?
False
Is 5492909 a prime number?
False
Is 84710963 a composite number?
False
Is 10757291 a prime number?
True
Is 1845119 a prime number?
True
Is 1992746009 a composite number?
False
Is 38417819 composite?
True
Is 1503583 prime?
True
Is 4605437 composite?
False
Is 583613 prime?
True
Is 100825973 a prime number?
True
Is 7918153 a prime number?
True
Is 18522011 composite?
False
Is 3644831 a prime number?
True
Is 8436211 composite?
True
Is 500205439 prime?
True
Is 47232149 a composite number?
False
Is 69664361 a prime number?
False
Is 12022423 a composite number?
True
Is 11039159 a prime number?
True
Is 20875523 composite?
False
Is 76939 a prime number?
False
Is 213091829 a prime number?
True
Is 195437063 prime?
True
Is 97781149 composite?
False
Is 108437941 prime?
False
Is 24186458 composite?
True
Is 6578743 prime?
True
Is 160702549 prime?
False
Is 518933 a prime number?
True
Is 26123651 composite?
True
Is 53749 a prime number?
False
Is 7644293 a prime number?
True
Is 5493277 composite?
False
Is 4663657 a prime number?
True
Is 546331 prime?
False
Is 8986391 composite?
False
Is 16042471 prime?
True
Is 30749417 a composite number?
True
Is 1524643 composite?
True
Is 5040899 a prime number?
True
Is 975701 composite?
False
Is 81607549 prime?
True
Is 37457717 a composite number?
True
Is 2042869 prime?
False
Is 10146509 a composite number?
True
Is 438988661 prime?
True
Is 25381171 prime?
True
Is 33545769 prime?
False
Is 62211533 composite?
False
Is 2472683 a composite number?
False
Is 529498 a composite number?
True
Is 67132627 composite?
False
Is 16837607 prime?
True
Is 4780177 a composite number?
False
Is 8569273 a composite number?
False
Is 21044893 prime?
False
Is 9210431 a prime number?
False
Is 6482359 prime?
False
Is 60766051 a composite number?
False
Is 294220639 a composite number?
False
Is 15324677 a composite number?
False
Is 54313099 a prime number?
False
Is 23852135 a composite number?
True
Is 4501961 composite?
True
Is 15038299 a composite number?
False
Is 11829329 a composite number?
False
Is 69381181 composite?
True
Is 248383 a composite number?
True
Is 4264606 a composite number?
True
Is 575119 prime?
True
Is 1030752947 composite?
True
Is 179446573 composite?
True
Is 10368206 composite?
True
Is 231039397 a prime number?
True
Is 1158371 composite?
True
Is 690753121 a composite number?
True
Is 913207 a prime number?
False
Is 6968197 composite?
True
Is 2850929 prime?
True
Is 199882013 a composite number?
True
Is 703849937 prime?
False
Is 5583541 composite?
False
Is 6027011 composite?
True
Is 235591 composite?
False
Is 26879849 a prime number?
True
Is 3449939 a prime number?
True
Is 11420049 prime?
False
Is 337261 prime?
True
Is 1665221 composite?
False
Is 289192459 composite?
True
Is 38759647 a composite number?
False
Is 2856961 prime?
True
Is 41643467 a prime number?
True
Is 408214993 a prime number?
True
Is 121528753 prime?
True
Is 7108067 prime?
False
Is 185111131 prime?
False
Is 10922927 composite?
True
Is 2804549 a composite number?
True
Is 173988803 a composite number?
True
Is 2490079 prime?
True
Is 20195543 prime?
True
Is 6034481 prime?
True
Is 9750473 composite?
False
Is 8464571 a composite number?
False
Is 15316513 a prime number?
True
Is 92472257 a composite number?
False
Is 2748643 a composite number?
False
Is 298366045 composite?
True
Is 9742633 prime?
True
Is 5793847 prime?
True
Is 3601633 a prime number?
False
Is 534383 a prime number?
False
Is 94379 a prime number?
True
Is 12351403 a composite number?
True
Is 176412287 prime?
False
Is 358031 composite?
False
Is 19265399 a prime number?
True
Is 15552769 a composite number?
True
Is 36104241 a composite number?
True
Is 63443 composite?
False
Is 95024167 composite?
True
Is 1356539 a composite number?
False
Is 40842869 composite?
False
Is 2259769 prime?
True
Is 2795521 a composite number?
False
Is 1929821 a prime number?
True
Is 3412559 composite?
False
Is 16657241 composite?
True
Is 4398847 a prime number?
False
Is 99109331 composite?
False
Is 380617753 a prime number?
True
Is 1155061 a composite number?
False
Is 7149533 a composite number?
False
Is 71451097 prime?
True
Is 1310171 prime?
True
Is 45996919 a prime number?
False
Is 10916327 composite?
False
Is 154099 a prime number?
False
Is 13856081 a composite number?
True
Is 13815931 composite?
True
Is 14253539 a composite number?
False
Is 211341809 composite?
True
Is 217213 composite?
True
Is 178385929 composite?
True
Is 8527097 a prime number?
True
Is 7656689 composite?
False
Is 4952803 prime?
False
Is 5761223 a composite number?
True
Is 2136759973 a composite number?
False
Is 113957029 composite?
False
Is 29291359 a composite number?
False
Is 1534321 composite?
False
Is 1792019 a prime number?
False
Is 377023367 composite?
True
Is 21704443 composite?
Fa